 + 26894. What is the units digit of i?
0
Let a(q) = 3*q**2 - q - 8. Suppose -p - 4*s = -6*s - 5, -3*p - 2*s = -31. Suppose -j + 4*j + 3*w + p = 0, -w = -5*j - 15. What is the tens digit of a(j)?
2
Suppose -1282*n + 1313*n - 1169258 = 0. What is the tens digit of n?
1
Suppose 2*q - 20 = -2*q. Let u = -4819 + 4821. Suppose q*p = u*p + 717. What is the hundreds digit of p?
2
Suppose 26014 + 26681 = 4*s - 7*x, -5*s + 65901 = 2*x. What is the units digit of s?
9
Let k = -4 + 3. Let s = -2455 + 2368. What is the units digit of -1 - (24/(-18))/(k/s)?
5
Let d(l) = -l**2 - 7*l - 5. Let t be d(-4). Let a(m) be the second derivative of m**4/12 + m**3/6 - 10*m**2 - 1235*m. What is the tens digit of a(t)?
3
What is the ten thousands digit of (41149/(-17))/(15/(-255))?
4
Let h = 47563 + -23307. What is the tens digit of h?
5
Let l be (3 - 7) + (-2 - -5). Let d = l + 3. Suppose d*f + 3*y = 186, 91 = f + 2*y - 0*y. What is the units digit of f?
9
Suppose -5*q - 302 - 708 = 0. Let j = -24 - q. Suppose w - 3*w = -m - 169, -2*m = 2*w - j. What is the units digit of w?
6
Let r(d) = 15*d + 93. Let l be 1 - 16*2/(-4). What is the hundreds digit of r(l)?
2
Suppose -5*l + 2*l + 326248 = 23*l. What is the ten thousands digit of l?
1
Let q be (-5)/2*(-18228)/31. Suppose 2*o - q = -5*o. What is the units digit of o?
0
Let m(p) = p**2 + 3*p - 1. Let s be m(2). Suppose -15*i + 36 = -s*i. Suppose 0 = 3*t - r - 645, 3*t - r + i*r = 627. What is the units digit of t?
4
Suppose 3*p = -2*p - k + 353, 146 = 2*p + 2*k. Let b be 12/(-7)*p/20. Let d(w) = 7*w**2 + 11*w + 12. What is the tens digit of d(b)?
9
Let n(z) = -z**3 - z**2 + z + 3. Let x be n(0). Let p = 27 - 25. Suppose p*j + 1 = -2*c + x, j + 3*c + 9 = 0. What is the units digit of j?
6
Let t(n) = 284*n**2 - 531*n + 73. What is the tens digit of t(13)?
6
Let x = -11 - -11. Suppose 5*z + 0*z - 5 = x. Suppose -3*a = -2*s + 237, -3*a + 4 = z. What is the hundreds digit of s?
1
Let h(l) be the second derivative of l**4/12 + l**3/3 - 8*l**2 + l. Let u be h(3). What is the tens digit of (-22)/(-26) + u - (-4040)/65?
6
Suppose 161*b = 1231495 + 2199415. What is the thousands digit of b?
1
Let d(h) = -2*h**3 + 22*h**2 + 11*h - 24. What is the tens digit of d(-10)?
6
What is the tens digit of (-399)/(469/119 - (6 - 2))?
8
Suppose -36619 = -0*m - 3*m - 2*g, 97609 = 8*m - 3*g. What is the thousands digit of m?
2
Let y(h) = 4096*h + 428. What is the tens digit of y(3)?
1
Let u(p) = 22*p**3 + 44*p**2 - 12*p + 99. What is the thousands digit of u(14)?
8
Let y(m) be the first derivative of -23*m**2 + 13*m + 135. What is the tens digit of y(-7)?
3
Let r be (-3)/(-18) - (1 + 130/(-12)). Suppose 155 = r*b - 25. What is the units digit of b?
8
Let f be (-1 + 0)*(-28)/(-4). Let z(m) = 5 - 20*m + 21*m - 1 - 34*m. What is the units digit of z(f)?
5
Suppose 3*r - 10*v + 6*v - 7 = 0, -14 = -2*r - 2*v. Suppose -242 = -w - 2*i, 5*w - r*i - 624 = 661. What is the hundreds digit of w?
2
Let r be (-96)/(-40)*(-10)/(-4). Suppose 4*b - 4*m + 854 = r*b, 5*b - 2105 = -4*m. What is the hundreds digit of b?
4
Suppose -1344 = 10*v - 18*v. Let d = 181 - v. What is the units digit of d?
3
Suppose -5488 = -2*t + 18538. What is the units digit of t?
3
Suppose 3*v - 20 = -4*h - 2, -3*h - 3*v + 12 = 0. Suppose 3*r + 834 = h*r. What is the tens digit of r?
7
Let a = -30452 + 39237. What is the units digit of a?
5
Let h(w) = 2580*w - 341. What is the ten thousands digit of h(10)?
2
Let q(o) = -3*o**2 + 3*o**3 - 2*o**3 + 2*o**2 - 6*o**2 + 3*o - 6. Let f be q(7). What is the tens digit of (0 + (-18)/f)/(8/(-340))?
5
Let a be 192/104 + 2/13. Suppose w = -a*t - 2*t - 53, -100 = 2*w + 2*t. Let r = w + 50. What is the units digit of r?
1
Let x = 15034 + -8420. What is the hundreds digit of x?
6
Let w(k) = -9*k**3 - 6*k**2 - k + 7. Let l be ((-42)/21)/(1/2). What is the units digit of w(l)?
1
Let h(c) = 15*c + 12. Let r be h(0). What is the hundreds digit of -7 + r + ((-2415)/(-3) - 4)?
8
Let z be (143047/(-424))/((-2)/16). Suppose z - 75 = 4*g. What is the tens digit of g?
5
Suppose 34254 = 4*q - 5*h, 3*q + 3*h - 20084 - 5620 = 0. Suppose 30*f + 1216 = q. What is the tens digit of f?
4
Suppose 3*x = 4*d - 5008, 5*x + 739 = d - 530. What is the thousands digit of d?
1
Suppose -5*x = -2*g + 10992, 123*g + 3*x = 122*g + 5529. What is the units digit of g?
1
What is the tens digit of 10/5*-3 - 25172/(-14)?
9
Let s be 0 - 88784/(-40) - (-2)/5. Suppose 15*z - 3*z = s. What is the units digit of z?
5
Suppose -49335 = -5*a + 3*t, 0 = 2*a + 2*a - 4*t - 39476. What is the units digit of a?
4
Suppose -5*b - 2*h - 25 = 91, b + 32 = 4*h. What is the units digit of 1*((-901)/(-5) + b/(-30))?
1
Let r(c) be the first derivative of 38*c**3/3 + 17*c**2/2 + 38*c + 172. What is the thousands digit of r(-6)?
1
Let v be 4588 + -3 - 1/((-2)/10). What is the units digit of ((-82)/6)/((-45)/v)?
4
Let x = 58 + 43. Let q = 203 - x. Suppose a = -0*a + q. What is the hundreds digit of a?
1
Let w(c) = 52*c**2 - 1388*c - 142. What is the ten thousands digit of w(45)?
4
Suppose 0 = 35*y - 58*y + 115. Suppose y*q + 159 = 2054. What is the units digit of q?
9
Let k(g) = 19*g**2 + 6*g + 1349. What is the units digit of k(0)?
9
Suppose -16*d + 8021 = -12427. Suppose -32*i = -23*i - d. What is the hundreds digit of i?
1
Let k(i) be the third derivative of 7*i**5/60 - i**4/6 - 2*i**3 + 55*i**2. Let v be -3 + (-4)/((-4)/(-1)). What is the units digit of k(v)?
6
Suppose 3*z - 60*t = -58*t + 42, 4*t = 4*z - 64. Let g(b) = 6*b**2 + b + 6. Let y be g(5). Let p = y + z. What is the hundreds digit of p?
1
Let o be 1/((-27)/(-6) + -4). Let y(d) = 14 + 0*d**2 + 25*d + 18 - 11 + 2*d**o. What is the units digit of y(-14)?
3
Let o be ((-2)/4)/((-5)/10). Let f = 3 + o. Suppose -115 = -i - 0*i + 4*v, -3*i = -f*v - 313. What is the units digit of i?
9
Let x(u) = 21*u**2 - u - 2. Let a be x(4). Let h be (4/6)/(4/a). Suppose 0 = -k + j + h, j + 2*j = k - 53. What is the tens digit of k?
5
Let b be (30/12)/(2/(-4)) + 130. Suppose y - 2*f = -f + b, -5*y - 4*f = -580. What is the units digit of y?
0
What is the tens digit of (12270 - 28)/((-1)/((-5)/2))?
0
Let f be ((-4)/(-3 + 7))/(6/(-732)). Let c = f - -186. What is the tens digit of c?
0
Let n be (-6)/3 + 1*-54. Let b = n + 1414. Suppose 9*v - b = -305. What is the hundreds digit of v?
1
Let c(j) = -j**3 - 127*j**2 - 264*j - 307. What is the tens digit of c(-127)?
2
What is the thousands digit of 1024/29184 + 4980658/57?
7
Let q(i) = i**3 + 8*i**2 - 6*i - 10. Suppose -5*t + r = -55, -t + 4*r = t - 4. Let b = t - 20. What is the tens digit of q(b)?
3
Let p(x) = -22*x**2 + 16*x - 29. Let k(z) = -64*z**2 + 47*z - 87. Let q(v) = -6*k(v) + 17*p(v). What is the tens digit of q(-5)?
2
Let q = 544 + -372. Let u(z) = -z**2 - 5*z + 15. Let g be u(9). Let t = q + g. What is the tens digit of t?
6
Suppose t = 4*q - 81, 13*q - 2*t = 10*q + 62. What is the hundreds digit of (1/4 + (-1281)/q)*-5?
3
Let g be (1146/(-24))/((-3)/180). Suppose 943*n + g = 948*n. What is the hundreds digit of n?
5
Let r be 32591/6 - 2/(-12). Suppose 2*m - r = -6*m. What is the hundreds digit of m?
6
Let f = -515 - -531. What is the thousands digit of 1 - (-6111)/6 - (-8)/f?
1
Suppose 52*c + 162 = 49*c. What is the hundreds digit of (6/(36/58))/((-3)/c)?
1
Let h be 8/(-10)*(-120)/16 + -2427. Let i = -1608 - h. What is the hundreds digit of i?
8
Let o(z) = 3819*z + 329. What is the ten thousands digit of o(6)?
2
Let m(q) = -3*q**2 - 22*q - 13. Let u be m(-6). Suppose u*j = 2912 - 63. What is the units digit of j?
9
Suppose 0 = -2*w + 4*h + 6104, -4*w + 6*h = 3*h - 12228. What is the units digit of w?
0
Let g(p) = 29*p**2 - 12*p - 180. What is the tens digit of g(-13)?
7
Let d(s) = 3*s**2 + 4*s + 8. Suppose -15 = -3*q, 4*q - 16 = -3*m + 25. What is the hundreds digit of d(m)?
1
Let i(t) = -7*t**2 + 327*t + 17. What is the tens digit of i(23)?
3
Let k(c) = c**2 + 12*c + 31. Let r be k(-4). Let o(x) = 688*x**2 - 3*x - 3. What is the tens digit of o(r)?
8
Let o(f) = 42*f - 100. Let m(d) = -d**3 - 21*d**2 + 45*d - 7. Let l be m(-23). What is the tens digit of o(l)?
7
Let a(u) = -14*u - 23. Let v be a(-4). What is the units digit of 1132/12 - 11/v?
4
Suppose 5*j - 3330 = -5*h, j = -3*h - j + 1999. Suppose 0 = -3